{"id":1785,"date":"2023-04-13T00:12:30","date_gmt":"2023-04-12T22:12:30","guid":{"rendered":"https:\/\/amarokstudio.pl\/?page_id=1785"},"modified":"2024-01-18T09:41:56","modified_gmt":"2024-01-18T08:41:56","slug":"doda-2","status":"publish","type":"page","link":"https:\/\/amarokstudio.pl\/?page_id=1785&lang=pl","title":{"rendered":"Doda"},"content":{"rendered":"\n<p>Doda &#8220;Nie Daj Sie&#8221; by\u0142a pierwszym utworem, nad kt\u00f3rym pracowa\u0142em z Markiem Ko\u015bcikiewiczem. Pomimo tego, \u017ce ostatecznie w nagraniu znalaz\u0142o si\u0119 tylko kilka \u015bcie\u017cek nagranych przeze mnie, p\u00f3\u017aniejsi producenci nie raczyli ju\u017c wspomnie\u0107 o mnie na ok\u0142adce \ud83d\ude09<\/p>\n\n\n\n<p>Doda &#8220;Diamond Bitch&#8221; (Universal Music Polska, 2007)<\/p>\n\n\n\n<figure class=\"wp-block-embed aligncenter is-type-video is-provider-youtube wp-block-embed-youtube wp-embed-aspect-16-9 wp-has-aspect-ratio\"><div class=\"wp-block-embed__wrapper\">\n<iframe loading=\"lazy\" title=\"Doda - Nie Daj Sie\" width=\"970\" height=\"546\" src=\"https:\/\/www.youtube.com\/embed\/r6y1INYz7HE?feature=oembed\" frameborder=\"0\" allow=\"accelerometer; autoplay; clipboard-write; encrypted-media; gyroscope; picture-in-picture; web-share\" allowfullscreen><\/iframe>\n<\/div><\/figure>\n","protected":false},"excerpt":{"rendered":"<p>Doda &#8220;Nie Daj Sie&#8221; by\u0142a pierwszym utworem, nad kt\u00f3rym pracowa\u0142em z Markiem Ko\u015bcikiewiczem. Pomimo tego, \u017ce ostatecznie w nagraniu znalaz\u0142o si\u0119 tylko kilka \u015bcie\u017cek nagranych przeze mnie, p\u00f3\u017aniejsi producenci nie raczyli ju\u017c wspomnie\u0107 o mnie na ok\u0142adce \ud83d\ude09 Doda &#8220;Diamond Bitch&#8221; (Universal Music Polska, 2007)<\/p>\n","protected":false},"author":1,"featured_media":0,"parent":0,"menu_order":0,"comment_status":"closed","ping_status":"closed","template":"","meta":{"footnotes":""},"class_list":["post-1785","page","type-page","status-publish","hentry"],"_links":{"self":[{"href":"https:\/\/amarokstudio.pl\/index.php?rest_route=\/wp\/v2\/pages\/1785","targetHints":{"allow":["GET"]}}],"collection":[{"href":"https:\/\/amarokstudio.pl\/index.php?rest_route=\/wp\/v2\/pages"}],"about":[{"href":"https:\/\/amarokstudio.pl\/index.php?rest_route=\/wp\/v2\/types\/page"}],"author":[{"embeddable":true,"href":"https:\/\/amarokstudio.pl\/index.php?rest_route=\/wp\/v2\/users\/1"}],"replies":[{"embeddable":true,"href":"https:\/\/amarokstudio.pl\/index.php?rest_route=%2Fwp%2Fv2%2Fcomments&post=1785"}],"version-history":[{"count":3,"href":"https:\/\/amarokstudio.pl\/index.php?rest_route=\/wp\/v2\/pages\/1785\/revisions"}],"predecessor-version":[{"id":1788,"href":"https:\/\/amarokstudio.pl\/index.php?rest_route=\/wp\/v2\/pages\/1785\/revisions\/1788"}],"wp:attachment":[{"href":"https:\/\/amarokstudio.pl\/index.php?rest_route=%2Fwp%2Fv2%2Fmedia&parent=1785"}],"curies":[{"name":"wp","href":"https:\/\/api.w.org\/{rel}","templated":true}]}}